{"id":52,"date":"2021-03-12T10:48:50","date_gmt":"2021-03-12T09:48:50","guid":{"rendered":"https:\/\/krefeld.fau.org\/?page_id=52"},"modified":"2021-03-13T18:02:20","modified_gmt":"2021-03-13T17:02:20","slug":"materialien","status":"publish","type":"page","link":"https:\/\/krefeld.fau.org\/?page_id=52","title":{"rendered":"Materialien"},"content":{"rendered":"\n<p>Zu aller erst, unsere Satzung\/Statuten nach denen wir Handeln und uns Organieren.<\/p>\n\n\n\n<div class=\"wp-block-file\"><a href=\"https:\/\/krefeld.fau.org\/wp-content\/uploads\/2021\/03\/00-Satzung-der-ASyKr-FAU-Krefeld.pdf\">00-Satzung-der-ASyKr-FAU-Krefeld<\/a><a href=\"https:\/\/krefeld.fau.org\/wp-content\/uploads\/2021\/03\/00-Satzung-der-ASyKr-FAU-Krefeld.pdf\" class=\"wp-block-file__button\" download>Herunterladen<\/a><\/div>\n\n\n\n<div class=\"wp-block-media-text alignwide has-media-on-the-right is-stacked-on-mobile\"><figure class=\"wp-block-media-text__media\"><img loading=\"lazy\" decoding=\"async\" width=\"1024\" height=\"722\" src=\"https:\/\/krefeld.fau.org\/wp-content\/uploads\/2021\/03\/FAUMG4-Gericht-1024x722.jpg\" alt=\"\" class=\"wp-image-55 size-full\" srcset=\"https:\/\/krefeld.fau.org\/wp-content\/uploads\/2021\/03\/FAUMG4-Gericht-1024x722.jpg 1024w, https:\/\/krefeld.fau.org\/wp-content\/uploads\/2021\/03\/FAUMG4-Gericht-300x211.jpg 300w, https:\/\/krefeld.fau.org\/wp-content\/uploads\/2021\/03\/FAUMG4-Gericht-768x541.jpg 768w, https:\/\/krefeld.fau.org\/wp-content\/uploads\/2021\/03\/FAUMG4-Gericht-1536x1083.jpg 1536w, https:\/\/krefeld.fau.org\/wp-content\/uploads\/2021\/03\/FAUMG4-Gericht-2048x1444.jpg 2048w, https:\/\/krefeld.fau.org\/wp-content\/uploads\/2021\/03\/FAUMG4-Gericht-1200x846.jpg 1200w, https:\/\/krefeld.fau.org\/wp-content\/uploads\/2021\/03\/FAUMG4-Gericht-1980x1396.jpg 1980w\" sizes=\"auto, (max-width: 1024px) 100vw, 1024px\" \/><\/figure><div class=\"wp-block-media-text__content\">\n<p class=\"has-large-font-size\">Die Sektion Krefeld unterst\u00fctzte die G\u00fcterverhandlung, eines Kollegen aus M\u00f6nchengladbach. Die Verhandlung verlief f\u00fcr unseren Kollegen Positiv und im wurden die meisten Punkte zugesprochen. Die Ausbildung konnte ohne weiteren besuch der Firma beendet werden.<\/p>\n<\/div><\/div>\n\n\n\n<div class=\"wp-block-media-text alignwide is-stacked-on-mobile\"><figure class=\"wp-block-media-text__media\"><img loading=\"lazy\" decoding=\"async\" width=\"1024\" height=\"722\" src=\"https:\/\/krefeld.fau.org\/wp-content\/uploads\/2021\/03\/DS-Demo-27-11-klein-1024x722.jpg\" alt=\"\" class=\"wp-image-54 size-full\" srcset=\"https:\/\/krefeld.fau.org\/wp-content\/uploads\/2021\/03\/DS-Demo-27-11-klein-1024x722.jpg 1024w, https:\/\/krefeld.fau.org\/wp-content\/uploads\/2021\/03\/DS-Demo-27-11-klein-300x211.jpg 300w, https:\/\/krefeld.fau.org\/wp-content\/uploads\/2021\/03\/DS-Demo-27-11-klein-768x541.jpg 768w, https:\/\/krefeld.fau.org\/wp-content\/uploads\/2021\/03\/DS-Demo-27-11-klein-1536x1082.jpg 1536w, https:\/\/krefeld.fau.org\/wp-content\/uploads\/2021\/03\/DS-Demo-27-11-klein-1200x846.jpg 1200w, https:\/\/krefeld.fau.org\/wp-content\/uploads\/2021\/03\/DS-Demo-27-11-klein.jpg 1920w\" sizes=\"auto, (max-width: 1024px) 100vw, 1024px\" \/><\/figure><div class=\"wp-block-media-text__content\">\n<p class=\"has-large-font-size\">Ein gemeinsamer Aufruf des Syndikats D\u00fcsseldorf, der Sektion M\u00f6nchengladbach und der Sektion Krefeld. Gemeinsam machten wir auf austehende L\u00f6hne bei Dragon Sweater aufmerksam.<\/p>\n<\/div><\/div>\n\n\n\n<div class=\"wp-block-group\"><div class=\"wp-block-group__inner-container is-layout-flow wp-block-group-is-layout-flow\">\n<div class=\"wp-block-columns are-vertically-aligned-center is-layout-flex wp-container-core-columns-is-layout-9d6595d7 wp-block-columns-is-layout-flex\">\n<div class=\"wp-block-column is-vertically-aligned-center is-layout-flow wp-block-column-is-layout-flow\" style=\"flex-basis:100%\">\n<div class=\"wp-block-columns is-layout-flex wp-container-core-columns-is-layout-9d6595d7 wp-block-columns-is-layout-flex\">\n<div class=\"wp-block-column is-layout-flow wp-block-column-is-layout-flow\" style=\"flex-basis:100%\">\n<div class=\"wp-block-group\"><div class=\"wp-block-group__inner-container is-layout-flow wp-block-group-is-layout-flow\">\n<figure class=\"wp-block-gallery columns-3 is-cropped wp-block-gallery-1 is-layout-flex wp-block-gallery-is-layout-flex\"><ul class=\"blocks-gallery-grid\"><li class=\"blocks-gallery-item\"><figure><img loading=\"lazy\" decoding=\"async\" width=\"900\" height=\"890\" src=\"https:\/\/krefeld.fau.org\/wp-content\/uploads\/2021\/03\/Mask-Up-Sticker-V2.jpg\" alt=\"\" data-id=\"67\" data-full-url=\"https:\/\/krefeld.fau.org\/wp-content\/uploads\/2021\/03\/Mask-Up-Sticker-V2.jpg\" data-link=\"https:\/\/krefeld.fau.org\/?attachment_id=67\" class=\"wp-image-67\" srcset=\"https:\/\/krefeld.fau.org\/wp-content\/uploads\/2021\/03\/Mask-Up-Sticker-V2.jpg 900w, https:\/\/krefeld.fau.org\/wp-content\/uploads\/2021\/03\/Mask-Up-Sticker-V2-300x297.jpg 300w, https:\/\/krefeld.fau.org\/wp-content\/uploads\/2021\/03\/Mask-Up-Sticker-V2-768x759.jpg 768w\" sizes=\"auto, (max-width: 900px) 100vw, 900px\" \/><\/figure><\/li><li class=\"blocks-gallery-item\"><figure><img loading=\"lazy\" decoding=\"async\" width=\"800\" height=\"800\" src=\"https:\/\/krefeld.fau.org\/wp-content\/uploads\/2021\/03\/NLSDPWK.jpg\" alt=\"\" data-id=\"68\" data-full-url=\"https:\/\/krefeld.fau.org\/wp-content\/uploads\/2021\/03\/NLSDPWK.jpg\" data-link=\"https:\/\/krefeld.fau.org\/?attachment_id=68\" class=\"wp-image-68\" srcset=\"https:\/\/krefeld.fau.org\/wp-content\/uploads\/2021\/03\/NLSDPWK.jpg 800w, https:\/\/krefeld.fau.org\/wp-content\/uploads\/2021\/03\/NLSDPWK-300x300.jpg 300w, https:\/\/krefeld.fau.org\/wp-content\/uploads\/2021\/03\/NLSDPWK-150x150.jpg 150w, https:\/\/krefeld.fau.org\/wp-content\/uploads\/2021\/03\/NLSDPWK-768x768.jpg 768w\" sizes=\"auto, (max-width: 800px) 100vw, 800px\" \/><figcaption class=\"blocks-gallery-item__caption\">Created with GIMP<\/figcaption><\/figure><\/li><li class=\"blocks-gallery-item\"><figure><img loading=\"lazy\" decoding=\"async\" width=\"1024\" height=\"663\" src=\"https:\/\/krefeld.fau.org\/wp-content\/uploads\/2021\/03\/Mitgliedsausweis-hinten-1024x663.jpg\" alt=\"\" data-id=\"69\" data-full-url=\"https:\/\/krefeld.fau.org\/wp-content\/uploads\/2021\/03\/Mitgliedsausweis-hinten.jpg\" data-link=\"https:\/\/krefeld.fau.org\/?attachment_id=69\" class=\"wp-image-69\" srcset=\"https:\/\/krefeld.fau.org\/wp-content\/uploads\/2021\/03\/Mitgliedsausweis-hinten-1024x663.jpg 1024w, https:\/\/krefeld.fau.org\/wp-content\/uploads\/2021\/03\/Mitgliedsausweis-hinten-300x194.jpg 300w, https:\/\/krefeld.fau.org\/wp-content\/uploads\/2021\/03\/Mitgliedsausweis-hinten-768x497.jpg 768w, https:\/\/krefeld.fau.org\/wp-content\/uploads\/2021\/03\/Mitgliedsausweis-hinten-1536x994.jpg 1536w, https:\/\/krefeld.fau.org\/wp-content\/uploads\/2021\/03\/Mitgliedsausweis-hinten-1200x777.jpg 1200w, https:\/\/krefeld.fau.org\/wp-content\/uploads\/2021\/03\/Mitgliedsausweis-hinten-1980x1282.jpg 1980w, https:\/\/krefeld.fau.org\/wp-content\/uploads\/2021\/03\/Mitgliedsausweis-hinten.jpg 2008w\" sizes=\"auto, (max-width: 1024px) 100vw, 1024px\" \/><\/figure><\/li><li class=\"blocks-gallery-item\"><figure><img loading=\"lazy\" decoding=\"async\" width=\"1024\" height=\"1024\" src=\"https:\/\/krefeld.fau.org\/wp-content\/uploads\/2021\/03\/BLM-1024x1024.jpg\" alt=\"\" data-id=\"70\" data-full-url=\"https:\/\/krefeld.fau.org\/wp-content\/uploads\/2021\/03\/BLM.jpg\" data-link=\"https:\/\/krefeld.fau.org\/?attachment_id=70\" class=\"wp-image-70\" srcset=\"https:\/\/krefeld.fau.org\/wp-content\/uploads\/2021\/03\/BLM-1024x1024.jpg 1024w, https:\/\/krefeld.fau.org\/wp-content\/uploads\/2021\/03\/BLM-300x300.jpg 300w, https:\/\/krefeld.fau.org\/wp-content\/uploads\/2021\/03\/BLM-150x150.jpg 150w, https:\/\/krefeld.fau.org\/wp-content\/uploads\/2021\/03\/BLM-768x768.jpg 768w, https:\/\/krefeld.fau.org\/wp-content\/uploads\/2021\/03\/BLM.jpg 1200w\" sizes=\"auto, (max-width: 1024px) 100vw, 1024px\" \/><\/figure><\/li><li class=\"blocks-gallery-item\"><figure><img loading=\"lazy\" decoding=\"async\" width=\"1024\" height=\"576\" src=\"https:\/\/krefeld.fau.org\/wp-content\/uploads\/2021\/03\/8Mai-1024x576.jpg\" alt=\"\" data-id=\"71\" data-full-url=\"https:\/\/krefeld.fau.org\/wp-content\/uploads\/2021\/03\/8Mai.jpg\" data-link=\"https:\/\/krefeld.fau.org\/?attachment_id=71\" class=\"wp-image-71\" srcset=\"https:\/\/krefeld.fau.org\/wp-content\/uploads\/2021\/03\/8Mai-1024x576.jpg 1024w, https:\/\/krefeld.fau.org\/wp-content\/uploads\/2021\/03\/8Mai-300x169.jpg 300w, https:\/\/krefeld.fau.org\/wp-content\/uploads\/2021\/03\/8Mai-768x432.jpg 768w, https:\/\/krefeld.fau.org\/wp-content\/uploads\/2021\/03\/8Mai-1536x864.jpg 1536w, https:\/\/krefeld.fau.org\/wp-content\/uploads\/2021\/03\/8Mai-1200x675.jpg 1200w, https:\/\/krefeld.fau.org\/wp-content\/uploads\/2021\/03\/8Mai.jpg 1920w\" sizes=\"auto, (max-width: 1024px) 100vw, 1024px\" \/><\/figure><\/li><\/ul><\/figure>\n<\/div><\/div>\n<\/div>\n<\/div>\n<\/div>\n<\/div>\n<\/div><\/div>\n","protected":false},"excerpt":{"rendered":"<p>Zu aller erst, unsere Satzung\/Statuten nach denen wir Handeln und uns Organieren. Die Sektion Krefeld unterst\u00fctzte die G\u00fcterverhandlung, eines Kollegen aus M\u00f6nchengladbach. Die Verhandlung verlief f\u00fcr unseren Kollegen Positiv und im wurden die meisten Punkte zugesprochen. Die Ausbildung konnte ohne weiteren besuch der Firma beendet werden. Ein gemeinsamer Aufruf des Syndikats D\u00fcsseldorf, der Sektion M\u00f6nchengladbach [&hellip;]<\/p>\n","protected":false},"author":1,"featured_media":0,"parent":0,"menu_order":0,"comment_status":"closed","ping_status":"closed","template":"","meta":{"footnotes":""},"class_list":["post-52","page","type-page","status-publish","hentry"],"_links":{"self":[{"href":"https:\/\/krefeld.fau.org\/index.php?rest_route=\/wp\/v2\/pages\/52","targetHints":{"allow":["GET"]}}],"collection":[{"href":"https:\/\/krefeld.fau.org\/index.php?rest_route=\/wp\/v2\/pages"}],"about":[{"href":"https:\/\/krefeld.fau.org\/index.php?rest_route=\/wp\/v2\/types\/page"}],"author":[{"embeddable":true,"href":"https:\/\/krefeld.fau.org\/index.php?rest_route=\/wp\/v2\/users\/1"}],"replies":[{"embeddable":true,"href":"https:\/\/krefeld.fau.org\/index.php?rest_route=%2Fwp%2Fv2%2Fcomments&post=52"}],"version-history":[{"count":4,"href":"https:\/\/krefeld.fau.org\/index.php?rest_route=\/wp\/v2\/pages\/52\/revisions"}],"predecessor-version":[{"id":75,"href":"https:\/\/krefeld.fau.org\/index.php?rest_route=\/wp\/v2\/pages\/52\/revisions\/75"}],"wp:attachment":[{"href":"https:\/\/krefeld.fau.org\/index.php?rest_route=%2Fwp%2Fv2%2Fmedia&parent=52"}],"curies":[{"name":"wp","href":"https:\/\/api.w.org\/{rel}","templated":true}]}}