{"id":5,"date":"2021-03-05T16:27:22","date_gmt":"2021-03-05T15:27:22","guid":{"rendered":"https:\/\/krefeld.fau.org\/?page_id=5"},"modified":"2021-04-18T13:39:13","modified_gmt":"2021-04-18T11:39:13","slug":"gestalte-deine-website-mit-bloecken","status":"publish","type":"page","link":"https:\/\/krefeld.fau.org\/","title":{"rendered":"Mehr als nur eine Gewerkschaft"},"content":{"rendered":"\n<div class=\"wp-block-cover alignwide has-background-dim\"><img loading=\"lazy\" decoding=\"async\" width=\"1920\" height=\"1080\" class=\"wp-block-cover__image-background wp-image-77\" alt=\"\" src=\"https:\/\/krefeld.fau.org\/wp-content\/uploads\/2021\/03\/FAU-IKA-mit-SR-beschrifteten-Grund-1.jpg\" data-object-fit=\"cover\" srcset=\"https:\/\/krefeld.fau.org\/wp-content\/uploads\/2021\/03\/FAU-IKA-mit-SR-beschrifteten-Grund-1.jpg 1920w, https:\/\/krefeld.fau.org\/wp-content\/uploads\/2021\/03\/FAU-IKA-mit-SR-beschrifteten-Grund-1-300x169.jpg 300w, https:\/\/krefeld.fau.org\/wp-content\/uploads\/2021\/03\/FAU-IKA-mit-SR-beschrifteten-Grund-1-1024x576.jpg 1024w, https:\/\/krefeld.fau.org\/wp-content\/uploads\/2021\/03\/FAU-IKA-mit-SR-beschrifteten-Grund-1-768x432.jpg 768w, https:\/\/krefeld.fau.org\/wp-content\/uploads\/2021\/03\/FAU-IKA-mit-SR-beschrifteten-Grund-1-1536x864.jpg 1536w, https:\/\/krefeld.fau.org\/wp-content\/uploads\/2021\/03\/FAU-IKA-mit-SR-beschrifteten-Grund-1-1200x675.jpg 1200w\" sizes=\"auto, (max-width: 1920px) 100vw, 1920px\" \/><div class=\"wp-block-cover__inner-container is-layout-flow wp-block-cover-is-layout-flow\">\n<h2 class=\"has-text-align-center wp-block-heading\">Wilkommen bei der Freien Arbeiter*innen-Union Syndikat Krefeld<\/h2>\n<\/div><\/div>\n\n\n\n<div style=\"height:100px\" aria-hidden=\"true\" class=\"wp-block-spacer\"><\/div>\n\n\n\n<div class=\"wp-block-columns alignwide are-vertically-aligned-center is-style-twentytwentyone-columns-overlap is-layout-flex wp-container-core-columns-is-layout-9d6595d7 wp-block-columns-is-layout-flex\">\n<div class=\"wp-block-column is-vertically-aligned-center is-layout-flow wp-block-column-is-layout-flow\">\n<figure class=\"wp-block-image alignfull size-large\"><img loading=\"lazy\" decoding=\"async\" width=\"1024\" height=\"576\" src=\"https:\/\/krefeld.fau.org\/wp-content\/uploads\/2021\/03\/Web01-1024x576.jpg\" alt=\"\" class=\"wp-image-29\" srcset=\"https:\/\/krefeld.fau.org\/wp-content\/uploads\/2021\/03\/Web01-1024x576.jpg 1024w, https:\/\/krefeld.fau.org\/wp-content\/uploads\/2021\/03\/Web01-300x169.jpg 300w, https:\/\/krefeld.fau.org\/wp-content\/uploads\/2021\/03\/Web01-768x432.jpg 768w, https:\/\/krefeld.fau.org\/wp-content\/uploads\/2021\/03\/Web01-1536x864.jpg 1536w, https:\/\/krefeld.fau.org\/wp-content\/uploads\/2021\/03\/Web01-1200x675.jpg 1200w, https:\/\/krefeld.fau.org\/wp-content\/uploads\/2021\/03\/Web01.jpg 1920w\" sizes=\"auto, (max-width: 1024px) 100vw, 1024px\" \/><\/figure>\n\n\n\n<figure class=\"wp-block-image alignfull size-large is-style-twentytwentyone-image-frame\"><img loading=\"lazy\" decoding=\"async\" width=\"768\" height=\"432\" src=\"https:\/\/krefeld.fau.org\/wp-content\/uploads\/2021\/03\/demo.jpg\" alt=\"\" class=\"wp-image-37\" srcset=\"https:\/\/krefeld.fau.org\/wp-content\/uploads\/2021\/03\/demo.jpg 768w, https:\/\/krefeld.fau.org\/wp-content\/uploads\/2021\/03\/demo-300x169.jpg 300w\" sizes=\"auto, (max-width: 768px) 100vw, 768px\" \/><\/figure>\n\n\n\n<div style=\"height:100px\" aria-hidden=\"true\" class=\"wp-block-spacer\"><\/div>\n<\/div>\n\n\n\n<div class=\"wp-block-column is-vertically-aligned-center is-layout-flow wp-block-column-is-layout-flow\">\n<figure class=\"wp-block-image size-large alignfull size-full is-style-twentytwentyone-border\"><img loading=\"lazy\" decoding=\"async\" width=\"1024\" height=\"576\" src=\"https:\/\/krefeld.fau.org\/wp-content\/uploads\/2021\/03\/Web02-1024x576.jpg\" alt=\"\" class=\"wp-image-30\" srcset=\"https:\/\/krefeld.fau.org\/wp-content\/uploads\/2021\/03\/Web02-1024x576.jpg 1024w, https:\/\/krefeld.fau.org\/wp-content\/uploads\/2021\/03\/Web02-300x169.jpg 300w, https:\/\/krefeld.fau.org\/wp-content\/uploads\/2021\/03\/Web02-768x432.jpg 768w, https:\/\/krefeld.fau.org\/wp-content\/uploads\/2021\/03\/Web02-1536x864.jpg 1536w, https:\/\/krefeld.fau.org\/wp-content\/uploads\/2021\/03\/Web02-1200x675.jpg 1200w, https:\/\/krefeld.fau.org\/wp-content\/uploads\/2021\/03\/Web02.jpg 1920w\" sizes=\"auto, (max-width: 1024px) 100vw, 1024px\" \/><\/figure>\n\n\n\n<div style=\"height:100px\" aria-hidden=\"true\" class=\"wp-block-spacer\"><\/div>\n\n\n\n<p><\/p>\n<\/div>\n<\/div>\n\n\n\n<div style=\"height:50px\" aria-hidden=\"true\" class=\"wp-block-spacer\"><\/div>\n\n\n\n<div class=\"wp-block-columns alignwide are-vertically-aligned-top is-layout-flex wp-container-core-columns-is-layout-9d6595d7 wp-block-columns-is-layout-flex\">\n<div class=\"wp-block-column is-vertically-aligned-top is-layout-flow wp-block-column-is-layout-flow\">\n<h3 class=\"wp-block-heading\">Solidarit\u00e4t<\/h3>\n\n\n\n<p>In der FAU entscheiden die Mitglieder, wann welcher Arbeitskampf, wie gef\u00fchrt wird, nicht irgendwelche Funktion\u00e4re und Vorst\u00e4nde die fremdbestimmt \u00fcber uns hinweg den kleinsten nenner suchen. Gemeinsam m\u00fcssen wir auch nicht vor dem Chef kuschen, denn wir stehen nicht wie andere Gewerkschaften \u00fcber einen Betriebsrat mit der oberen Etage in Verbindung. Wir k\u00e4mpfen gemeinsam mit dir, so wie du es f\u00fcr richtig h\u00e4ltst.<\/p>\n<\/div>\n\n\n\n<div class=\"wp-block-column is-vertically-aligned-top is-layout-flow wp-block-column-is-layout-flow\">\n<h3 class=\"wp-block-heading\">Weiterbildung<\/h3>\n\n\n\n<p>Die Bundes FAU, einzelne Syndikate oder wir selber organisieren Workshops \u00fcber das Arbeitsrecht. Gemeinsam erarbeiten wir uns das N\u00f6tige wissen, was uns dabei hilft, vor Ort handeln zu k\u00f6nnen und uns zur wehr zu setzen.<\/p>\n<\/div>\n\n\n\n<div class=\"wp-block-column is-vertically-aligned-top is-layout-flow wp-block-column-is-layout-flow\">\n<h3 class=\"wp-block-heading\">Anarcho-syndikalismus<\/h3>\n\n\n\n<p>Ja wir sind Anarchist*innen. Anhand dieser Gewerkschaft und anderen Selbstorganisierten Herschaftsfreien Projekten, zeigen wir auf, das Anarchismus Funktioniert. Der Anarchosyndikalismus setzt dabei auf die bewegung der Arbeiter*innenklasse, die Menschen die das R\u00e4dchen am laufen halten, solange uns kein Chef im weg steht =P<\/p>\n<\/div>\n<\/div>\n\n\n\n<p><\/p>\n","protected":false},"excerpt":{"rendered":"<p>Solidarit\u00e4t In der FAU entscheiden die Mitglieder, wann welcher Arbeitskampf, wie gef\u00fchrt wird, nicht irgendwelche Funktion\u00e4re und Vorst\u00e4nde die fremdbestimmt \u00fcber uns hinweg den kleinsten nenner suchen. Gemeinsam m\u00fcssen wir auch nicht vor dem Chef kuschen, denn wir stehen nicht wie andere Gewerkschaften \u00fcber einen Betriebsrat mit der oberen Etage in Verbindung. Wir k\u00e4mpfen gemeinsam [&hellip;]<\/p>\n","protected":false},"author":1,"featured_media":0,"parent":0,"menu_order":0,"comment_status":"closed","ping_status":"closed","template":"","meta":{"footnotes":""},"class_list":["post-5","page","type-page","status-publish","hentry"],"_links":{"self":[{"href":"https:\/\/krefeld.fau.org\/index.php?rest_route=\/wp\/v2\/pages\/5","targetHints":{"allow":["GET"]}}],"collection":[{"href":"https:\/\/krefeld.fau.org\/index.php?rest_route=\/wp\/v2\/pages"}],"about":[{"href":"https:\/\/krefeld.fau.org\/index.php?rest_route=\/wp\/v2\/types\/page"}],"author":[{"embeddable":true,"href":"https:\/\/krefeld.fau.org\/index.php?rest_route=\/wp\/v2\/users\/1"}],"replies":[{"embeddable":true,"href":"https:\/\/krefeld.fau.org\/index.php?rest_route=%2Fwp%2Fv2%2Fcomments&post=5"}],"version-history":[{"count":8,"href":"https:\/\/krefeld.fau.org\/index.php?rest_route=\/wp\/v2\/pages\/5\/revisions"}],"predecessor-version":[{"id":101,"href":"https:\/\/krefeld.fau.org\/index.php?rest_route=\/wp\/v2\/pages\/5\/revisions\/101"}],"wp:attachment":[{"href":"https:\/\/krefeld.fau.org\/index.php?rest_route=%2Fwp%2Fv2%2Fmedia&parent=5"}],"curies":[{"name":"wp","href":"https:\/\/api.w.org\/{rel}","templated":true}]}}